{"id":3,"date":"2021-02-05T15:44:27","date_gmt":"2021-02-05T15:44:27","guid":{"rendered":"https:\/\/ativo.vamtam.com\/?page_id=3"},"modified":"2024-02-14T08:41:13","modified_gmt":"2024-02-14T07:41:13","slug":"izjava-o-privatnosti","status":"publish","type":"page","link":"https:\/\/osobni-trening.hr\/index.php\/izjava-o-privatnosti\/","title":{"rendered":"Izjava o privatnosti"},"content":{"rendered":"\t\t<div data-elementor-type=\"wp-page\" data-elementor-id=\"3\" class=\"elementor elementor-3\" data-elementor-post-type=\"page\">\n\t\t\t\t\t\t\t\t\t<section class=\"elementor-section elementor-top-section elementor-element elementor-element-6711091 elementor-section-boxed elementor-section-height-default elementor-section-height-default\" data-id=\"6711091\" data-element_type=\"section\">\n\t\t\t\t\t\t<div class=\"elementor-container elementor-column-gap-no\">\n\t\t\t\t\t<div class=\"elementor-column elementor-col-100 elementor-top-column elementor-element elementor-element-08e30ff\" data-id=\"08e30ff\" data-element_type=\"column\">\n\t\t\t<div class=\"elementor-widget-wrap elementor-element-populated\">\n\t\t\t\t\t\t\t\t<div class=\"elementor-element elementor-element-e8721de elementor-widget elementor-widget-spacer\" data-id=\"e8721de\" data-element_type=\"widget\" data-widget_type=\"spacer.default\">\n\t\t\t\t<div class=\"elementor-widget-container\">\n\t\t\t<style>\/*! elementor - v3.17.0 - 01-11-2023 *\/\n.elementor-column .elementor-spacer-inner{height:var(--spacer-size)}.e-con{--container-widget-width:100%}.e-con-inner>.elementor-widget-spacer,.e-con>.elementor-widget-spacer{width:var(--container-widget-width,var(--spacer-size));--align-self:var(--container-widget-align-self,initial);--flex-shrink:0}.e-con-inner>.elementor-widget-spacer>.elementor-widget-container,.e-con>.elementor-widget-spacer>.elementor-widget-container{height:100%;width:100%}.e-con-inner>.elementor-widget-spacer>.elementor-widget-container>.elementor-spacer,.e-con>.elementor-widget-spacer>.elementor-widget-container>.elementor-spacer{height:100%}.e-con-inner>.elementor-widget-spacer>.elementor-widget-container>.elementor-spacer>.elementor-spacer-inner,.e-con>.elementor-widget-spacer>.elementor-widget-container>.elementor-spacer>.elementor-spacer-inner{height:var(--container-widget-height,var(--spacer-size))}.e-con-inner>.elementor-widget-spacer.elementor-widget-empty,.e-con>.elementor-widget-spacer.elementor-widget-empty{position:relative;min-height:22px;min-width:22px}.e-con-inner>.elementor-widget-spacer.elementor-widget-empty .elementor-widget-empty-icon,.e-con>.elementor-widget-spacer.elementor-widget-empty .elementor-widget-empty-icon{position:absolute;top:0;bottom:0;left:0;right:0;margin:auto;padding:0;width:22px;height:22px}<\/style>\t\t<div class=\"elementor-spacer\">\n\t\t\t<div class=\"elementor-spacer-inner\"><\/div>\n\t\t<\/div>\n\t\t\t\t<\/div>\n\t\t\t\t<\/div>\n\t\t\t\t<div class=\"elementor-element elementor-element-77dd652 elementor-widget elementor-widget-text-editor\" data-id=\"77dd652\" data-element_type=\"widget\" data-widget_type=\"text-editor.default\">\n\t\t\t\t<div class=\"elementor-widget-container\">\n\t\t\t<style>\/*! elementor - v3.17.0 - 01-11-2023 *\/\n.elementor-widget-text-editor.elementor-drop-cap-view-stacked .elementor-drop-cap{background-color:#69727d;color:#fff}.elementor-widget-text-editor.elementor-drop-cap-view-framed .elementor-drop-cap{color:#69727d;border:3px solid;background-color:transparent}.elementor-widget-text-editor:not(.elementor-drop-cap-view-default) .elementor-drop-cap{margin-top:8px}.elementor-widget-text-editor:not(.elementor-drop-cap-view-default) .elementor-drop-cap-letter{width:1em;height:1em}.elementor-widget-text-editor .elementor-drop-cap{float:left;text-align:center;line-height:1;font-size:50px}.elementor-widget-text-editor .elementor-drop-cap-letter{display:inline-block}<\/style>\t\t\t\tIzjava o privatnosti i sigurnosti osobnih podataka na\u0161e web stranice odnosi se na privatnost osobnih podataka koji se prikupljaju i koriste te sigurnost tako prikupljenih osobnih podataka. Ovom Izjavom \u017eelimo vas stoga upoznati o na\u0161im sigurnosnim mjerama i na\u010dinima prikupljanja podataka.\n\nKori\u0161tenjem ove web stranice dajete privolu na ovu politiku privatnosti i za\u0161tite osobnih podataka. Va\u017eno je znati da u bilo kojem trenutku, besplatno i bez ikakvog obja\u0161njenja mo\u017eete odustati od dane privole opozvati svoj pristanak na aktivnosti obrade va\u0161ih osobnih podataka. Svoje pravo na pristup, ispravak, zaborav, ograni\u010denje, prigovor i informiranost, mo\u017eete podnijeti putem na\u0161e email adrese ili telefona koji su objavljeni na na\u0161oj kontakt stranici.\n\nSve na\u0161e online aktivnosti u skladu su s europskim zakonodavstvom (EU Directive 95\/46\/EC, 2002\/58\/EC i Treaty Conventions ETS 108, ETS 181, ETS 185, ETS 189) i nacionalnim zakonodavstvom Republike Hrvatske (Zakon o za\u0161titi osobnih podataka i Zakon o elektroni\u010dkom poslovanju) .\n<h3>SIGURNOST<\/h3>\nOva web stranica koristi Secure Socket Layer (SSL) protokol sa 128-bitnom enkripcijom podataka (SSL enkripcija je postupak \u0161ifriranja podataka radi sprje\u010davanja neovla\u0161tenog pristupa prilikom njihova prijenosa) \u0161to podrazumijeva i slanje email poruka preko kontakt obrasca. Web stranice s ispravnom SSL enkripcijom prikazuju ikonu zelenog zaklju\u010danog lokota nakon kojeg slijedi https:\/\/ te ime domene u URL-u (adresnoj traci) web pretra\u017eiva\u010da.\n\nBilo koji osobni podatak koji ste nam stavili na raspolaganje, u prijenosu \u0107e biti enkriptiran kako bi se izbjegla zlouporaba podataka od strane tre\u0107ih osoba.\n<h3>PRIKUPLJANJE I OBRADA OSOBNIH PODATAKA<\/h3>\nOsobni podatak je svaki podatak koji se odnosi na pojedinca \u010diji je identitet poznat ili se mo\u017ee utvrditi izravno ili neizravno, osobito uz pomo\u0107 podataka kao \u0161to su ime, prezime, broj telefona, email adresa ili putem drugih osobnih podataka koje nam svojevoljno ostavite.\n\nNa\u0161u web stranicu mo\u017eete koristiti bez otkrivanja i prikupljanja va\u0161ih osobnih podataka. Niste obvezni pru\u017eiti nam va\u0161e osobne podatke kao uvjet kori\u0161tenja stranice, osim ukoliko je to potrebno da bi vam pru\u017eili uslugu ili omogu\u0107ili kori\u0161tenje na\u0161eg proizvoda u skladu s va\u0161im zahtjevom. Kada koristite na\u0161u Internet stranicu mo\u017eemo pohraniti odre\u0111ene podatke zbog razli\u010ditih sigurnosnih razloga ili u statisti\u010dke svrhe.\n\nSlanjem upita na na\u0161u email adresu od vas dobivamo neke osobne podatke koje koristimo kako bi vam pru\u017eili \u0161to kvalitetniju uslugu i mogli odgovoriti na va\u0161 upit. Prijenos takvih podataka preko Interneta za\u0161ti\u0107en je SSL enkripcijom. Ti podaci za\u0161ti\u0107eni su od neovla\u0161tene ili nezakonite obrade te ih ne dijelimo s drugim osobama.\n<h3>SVRHA KORI\u0160TENJA<\/h3>\nPodaci koje prikupljamo koristit \u0107e se samo u svrhe pru\u017eanja na\u0161ih proizvoda i usluga ili pak u druge svrhe za koje ste dali svoju privolu, osim u slu\u010dajevima gdje zakon propisuje druga\u010dije.\n<h3>RAZDOBLJE \u010cUVANJA OSOBNIH PODATAKA<\/h3>\nPodaci se \u010duvaju onoliko dugo koliko je potrebno kako bi ispunili obveze i usluge za koje ste nam dali svoju suglasnost, a najdulje do godine dana nakon \u010dega \u0107e biti obrisani, osim ako zakonom nije druga\u010dije odre\u0111eno ili ako je to definirano Ugovornim odnosom.\n<h3>KOLA\u010cI\u0106I (ENG. COOKIES)<\/h3>\nKola\u010di\u0107i su male tekstualne datoteke koje sadr\u017ee jedinstveni identifikacijski broj za identifikaciju va\u0161eg pretra\u017eiva\u010da (ne vas osobno) na va\u0161em ra\u010dunalu svaki put kad posjetite na\u0161u web stranicu. Spremaju se na va\u0161e ra\u010dunalo ili mobilni ure\u0111aj od strane web stranice koju posjetite.\n\nSve informacije koje se pohranjuju u kola\u010di\u0107e su anonimne i odnose se isklju\u010divo na funkcioniranje na\u0161e web stranice. Primjeri informacija o va\u0161em kori\u0161tenju stranice uklju\u010duju: jezi\u010dne postavke web stranice koje ste odabrali, zadnje vrijeme posjeta na\u0161oj web stranici i sli\u010dno. Kada ponovno posjetite na\u0161u web stranicu, kola\u010di\u0107i se \u0161alju toj stranici a ona prilago\u0111ava sadr\u017eaj stranice podacima koji se nalaze u kola\u010di\u0107u.\n\nIsklju\u010divanjem kola\u010di\u0107a odlu\u010dujete da li \u0107ete dopustiti pohranjivanje kola\u010di\u0107a na va\u0161em ra\u010dunalu. Postavke kola\u010di\u0107a mogu se kontrolirati i konfigurirati u va\u0161em web pregledniku. Ukoliko ne pristanete na upotrebu kola\u010di\u0107a i dalje \u0107ete mo\u0107i pregledavati na\u0161e web stranice no neki dijelovi ne\u0107e biti prikazani kako treba ili ne\u0107e biti dostupni.\n\nNa web stranici www.allaboutcookies.org mo\u017eete saznati vi\u0161e o kola\u010di\u0107ima, kako funkcioniraju te kako ih isklju\u010diti.\nVANJSKE USLUGE I SADR\u017dAJI NA NA\u0160OJ WEB STRANICI\n\nNa na\u0161oj web stranici mogu biti uklju\u010dene usluge i sadr\u017eaj tre\u0107ih strana kao \u0161to su google i drugi. Kada koristite takve usluge ili je sadr\u017eaj tre\u0107e strane prikazan, komunikacijski podaci se izmjenjuju izme\u0111u vas i odgovaraju\u0107eg davatelja takvih usluga.\n\nOdgovaraju\u0107i davatelj usluga ili sadr\u017eaja mo\u017ee isto provesti obradu va\u0161ih podataka u dodatne vlastite svrhe. U skladu s na\u0161im mogu\u0107nostima, konfigurirali smo usluge i sadr\u017eaj davatelja usluga u vlastite svrhe tako da je bilo kakva druga komunikacija u druge svrhe izuzev pru\u017eanja njihovih usluga na na\u0161oj web stranici blokirana, ili do komunikacije dolazi samo nakon \u0161to se aktivno izabrali koristiti odgovaraju\u0107u uslugu. S obzirom na to da nemamo kontrolu nad podacima koje prikupljaju i obra\u0111uju tre\u0107e strane, nismo u mogu\u0107nosti pru\u017eiti obvezuju\u0107e informacije u svezi s ciljem i svrhom takvog tipa obrade va\u0161ih podataka.\n\nZa vi\u0161e informacija u svezi cilja i svrhe takvog prikupljanja i obrade va\u0161ih podataka, pogledajte izjave o privatnosti davatelja usluga \u010dije usluge i sadr\u017eaj smo uklju\u010dili i koji su odgovorni za za\u0161titu va\u0161ih podataka u ovom kontekstu:\n\nGoogle Maps\nGoogle Analytics\n<h3>WEB ANALIZA I GOOGLE ANALYTICS<\/h3>\nU svrhu pru\u017eanja bolje usluge i razumijevanja potreba korisnika te analize posje\u0107enosti na\u0161oj web stranici koristimo Google Analytics, djelatnost web-analize Google Inc., 1600 Amphitheatre Parkway, Mountain View, CA 94043, United States.\n\nSukladno va\u0161oj privoli, Google u na\u0161e ime analizira kori\u0161tenje ove web stranice. Informacije koje Google Analytics prikupi u vezi s va\u0161im kori\u0161tenjem ove Internet stranice (npr. ulazni URL kod posjete na\u0161e web stranice, internet pretra\u017eiva\u010d koji ste koristili, va\u0161e postavke jezika ili razlu\u010divost prikaza) se prenose na Googleov server u Americi, tamo se pohranjuju, analiziraju, a nama se stavljaju na raspolaganje rezultati u anonimnom obliku. Google je certificiran u vezi s EU-US\u00a0Privacy Shield\u00a0tako da se na obradu podataka od strane Googlea u Americi primjenjuje odgovaraju\u0107a razina za\u0161tite podataka.\nZa daljnje informacije o Google analizi molimo pogledajte\u00a0Uvjete kori\u0161tenja Google Analytics, u Osnove sigurnosti i za\u0161tite podataka od Google Analytics\u00a0kao i Googleovu\u00a0Izjavu o za\u0161titi podataka.\n<h3>PRAVO UVIDA I ISPRAVKA<\/h3>\nZa sve va\u0161e osobne podatke koji su kod nas pohranjeni imate pravo uvida, te pravo ispravka, dopune i brisanja istih kada su nepotpuni, neto\u010dni i nea\u017eurni te ograni\u010davanja obrade va\u0161ih podataka kao i pravo prijenosa podataka. Ako \u017eelite iskoristiti va\u0161a prava, obratite s va\u0161im zahtjevom putem na\u0161e email adrese ili telefona koji su objavljeni na na\u0161oj kontakt stranici. Ako postoji opravdana sumnja u pogledu identiteta pojedinca koji podnosi zahtjev u vezi s njegovim pravima, mo\u017eemo tra\u017eiti pru\u017eanje dodatnih informacija za potvr\u0111ivanje identiteta pojedinca na kojega se odnose osobni podaci.\n\nPRAVO NA PRITU\u017dBU NADLE\u017dNOM TIJELU\nU bilo kojem trenutku mo\u017eete poslati pritu\u017ebu nadzornom tijelu u vezi na\u0161eg skupljanja i obrade va\u0161ih osobnih podataka. U Republici Hrvatskoj pritu\u017ebu mo\u017eete podnijeti\u00a0Agenciji za za\u0161titu osobnih podataka (AZOP).\nPROMJENE NA\u0160E POLITIKE PRIVATNOSTI\n\nU slu\u010daju promjena na\u0161e politike privatnosti obavijestit \u0107emo vas o tome na ovoj web stranici i a\u017eurirati datum izmjene politike privatnosti dolje kako slijedi. Te promjene stupaju odmah na snagu po samoj objavi. Ova politika privatnosti je zadnji put izmijenjena 21.11.. 2023.\t\t\t\t\t\t<\/div>\n\t\t\t\t<\/div>\n\t\t\t\t\t<\/div>\n\t\t<\/div>\n\t\t\t\t\t\t\t<\/div>\n\t\t<\/section>\n\t\t\t\t\t\t\t<\/div>\n\t\t","protected":false},"excerpt":{"rendered":"<p>Izjava o privatnosti i sigurnosti osobnih podataka na\u0161e web stranice odnosi se na privatnost osobnih podataka koji se prikupljaju i koriste te sigurnost tako prikupljenih osobnih podataka. Ovom Izjavom \u017eelimo vas stoga upoznati o na\u0161im sigurnosnim mjerama i na\u010dinima prikupljanja podataka. Kori\u0161tenjem ove web stranice dajete privolu na ovu politiku privatnosti i za\u0161tite osobnih podataka&#8230;.<\/p>\n","protected":false},"author":1,"featured_media":0,"parent":0,"menu_order":0,"comment_status":"closed","ping_status":"open","template":"","meta":{"footnotes":""},"class_list":["post-3","page","type-page","status-publish","hentry"],"yoast_head":"<!-- This site is optimized with the Yoast SEO plugin v21.5 - https:\/\/yoast.com\/wordpress\/plugins\/seo\/ -->\n<title>Izjava o privatnosti - Osobni trening<\/title>\n<meta name=\"robots\" content=\"index, follow, max-snippet:-1, max-image-preview:large, max-video-preview:-1\" \/>\n<link rel=\"canonical\" href=\"https:\/\/osobni-trening.hr\/index.php\/izjava-o-privatnosti\/\" \/>\n<meta property=\"og:locale\" content=\"hr_HR\" \/>\n<meta property=\"og:type\" content=\"article\" \/>\n<meta property=\"og:title\" content=\"Izjava o privatnosti - Osobni trening\" \/>\n<meta property=\"og:description\" content=\"Izjava o privatnosti i sigurnosti osobnih podataka na\u0161e web stranice odnosi se na privatnost osobnih podataka koji se prikupljaju i koriste te sigurnost tako prikupljenih osobnih podataka. Ovom Izjavom \u017eelimo vas stoga upoznati o na\u0161im sigurnosnim mjerama i na\u010dinima prikupljanja podataka. Kori\u0161tenjem ove web stranice dajete privolu na ovu politiku privatnosti i za\u0161tite osobnih podataka....\" \/>\n<meta property=\"og:url\" content=\"https:\/\/osobni-trening.hr\/index.php\/izjava-o-privatnosti\/\" \/>\n<meta property=\"og:site_name\" content=\"Osobni trening\" \/>\n<meta property=\"article:publisher\" content=\"https:\/\/www.facebook.com\/SkidajKile.hr\" \/>\n<meta property=\"article:modified_time\" content=\"2024-02-14T07:41:13+00:00\" \/>\n<meta name=\"twitter:card\" content=\"summary_large_image\" \/>\n<meta name=\"twitter:label1\" content=\"Procijenjeno vrijeme \u010ditanja\" \/>\n\t<meta name=\"twitter:data1\" content=\"7 minuta\" \/>\n<script type=\"application\/ld+json\" class=\"yoast-schema-graph\">{\"@context\":\"https:\/\/schema.org\",\"@graph\":[{\"@type\":\"WebPage\",\"@id\":\"https:\/\/osobni-trening.hr\/index.php\/izjava-o-privatnosti\/\",\"url\":\"https:\/\/osobni-trening.hr\/index.php\/izjava-o-privatnosti\/\",\"name\":\"Izjava o privatnosti - Osobni trening\",\"isPartOf\":{\"@id\":\"https:\/\/osobni-trening.hr\/#website\"},\"datePublished\":\"2021-02-05T15:44:27+00:00\",\"dateModified\":\"2024-02-14T07:41:13+00:00\",\"breadcrumb\":{\"@id\":\"https:\/\/osobni-trening.hr\/index.php\/izjava-o-privatnosti\/#breadcrumb\"},\"inLanguage\":\"hr\",\"potentialAction\":[{\"@type\":\"ReadAction\",\"target\":[\"https:\/\/osobni-trening.hr\/index.php\/izjava-o-privatnosti\/\"]}]},{\"@type\":\"BreadcrumbList\",\"@id\":\"https:\/\/osobni-trening.hr\/index.php\/izjava-o-privatnosti\/#breadcrumb\",\"itemListElement\":[{\"@type\":\"ListItem\",\"position\":1,\"name\":\"Po\u010detna stranica\",\"item\":\"https:\/\/osobni-trening.hr\/\"},{\"@type\":\"ListItem\",\"position\":2,\"name\":\"Izjava o privatnosti\"}]},{\"@type\":\"WebSite\",\"@id\":\"https:\/\/osobni-trening.hr\/#website\",\"url\":\"https:\/\/osobni-trening.hr\/\",\"name\":\"Osobni trening\",\"description\":\"Tvoj najbolji izbor\",\"publisher\":{\"@id\":\"https:\/\/osobni-trening.hr\/#organization\"},\"potentialAction\":[{\"@type\":\"SearchAction\",\"target\":{\"@type\":\"EntryPoint\",\"urlTemplate\":\"https:\/\/osobni-trening.hr\/?s={search_term_string}\"},\"query-input\":\"required name=search_term_string\"}],\"inLanguage\":\"hr\"},{\"@type\":\"Organization\",\"@id\":\"https:\/\/osobni-trening.hr\/#organization\",\"name\":\"Osobni trening\",\"url\":\"https:\/\/osobni-trening.hr\/\",\"logo\":{\"@type\":\"ImageObject\",\"inLanguage\":\"hr\",\"@id\":\"https:\/\/osobni-trening.hr\/#\/schema\/logo\/image\/\",\"url\":\"https:\/\/osobni-trening.hr\/wp-content\/uploads\/2021\/07\/osobni-trening-logo.png\",\"contentUrl\":\"https:\/\/osobni-trening.hr\/wp-content\/uploads\/2021\/07\/osobni-trening-logo.png\",\"width\":500,\"height\":222,\"caption\":\"Osobni trening\"},\"image\":{\"@id\":\"https:\/\/osobni-trening.hr\/#\/schema\/logo\/image\/\"},\"sameAs\":[\"https:\/\/www.facebook.com\/SkidajKile.hr\",\"https:\/\/www.instagram.com\/skidajkile.hr\/\"]}]}<\/script>\n<!-- \/ Yoast SEO plugin. -->","yoast_head_json":{"title":"Izjava o privatnosti - Osobni trening","robots":{"index":"index","follow":"follow","max-snippet":"max-snippet:-1","max-image-preview":"max-image-preview:large","max-video-preview":"max-video-preview:-1"},"canonical":"https:\/\/osobni-trening.hr\/index.php\/izjava-o-privatnosti\/","og_locale":"hr_HR","og_type":"article","og_title":"Izjava o privatnosti - Osobni trening","og_description":"Izjava o privatnosti i sigurnosti osobnih podataka na\u0161e web stranice odnosi se na privatnost osobnih podataka koji se prikupljaju i koriste te sigurnost tako prikupljenih osobnih podataka. Ovom Izjavom \u017eelimo vas stoga upoznati o na\u0161im sigurnosnim mjerama i na\u010dinima prikupljanja podataka. Kori\u0161tenjem ove web stranice dajete privolu na ovu politiku privatnosti i za\u0161tite osobnih podataka....","og_url":"https:\/\/osobni-trening.hr\/index.php\/izjava-o-privatnosti\/","og_site_name":"Osobni trening","article_publisher":"https:\/\/www.facebook.com\/SkidajKile.hr","article_modified_time":"2024-02-14T07:41:13+00:00","twitter_card":"summary_large_image","twitter_misc":{"Procijenjeno vrijeme \u010ditanja":"7 minuta"},"schema":{"@context":"https:\/\/schema.org","@graph":[{"@type":"WebPage","@id":"https:\/\/osobni-trening.hr\/index.php\/izjava-o-privatnosti\/","url":"https:\/\/osobni-trening.hr\/index.php\/izjava-o-privatnosti\/","name":"Izjava o privatnosti - Osobni trening","isPartOf":{"@id":"https:\/\/osobni-trening.hr\/#website"},"datePublished":"2021-02-05T15:44:27+00:00","dateModified":"2024-02-14T07:41:13+00:00","breadcrumb":{"@id":"https:\/\/osobni-trening.hr\/index.php\/izjava-o-privatnosti\/#breadcrumb"},"inLanguage":"hr","potentialAction":[{"@type":"ReadAction","target":["https:\/\/osobni-trening.hr\/index.php\/izjava-o-privatnosti\/"]}]},{"@type":"BreadcrumbList","@id":"https:\/\/osobni-trening.hr\/index.php\/izjava-o-privatnosti\/#breadcrumb","itemListElement":[{"@type":"ListItem","position":1,"name":"Po\u010detna stranica","item":"https:\/\/osobni-trening.hr\/"},{"@type":"ListItem","position":2,"name":"Izjava o privatnosti"}]},{"@type":"WebSite","@id":"https:\/\/osobni-trening.hr\/#website","url":"https:\/\/osobni-trening.hr\/","name":"Osobni trening","description":"Tvoj najbolji izbor","publisher":{"@id":"https:\/\/osobni-trening.hr\/#organization"},"potentialAction":[{"@type":"SearchAction","target":{"@type":"EntryPoint","urlTemplate":"https:\/\/osobni-trening.hr\/?s={search_term_string}"},"query-input":"required name=search_term_string"}],"inLanguage":"hr"},{"@type":"Organization","@id":"https:\/\/osobni-trening.hr\/#organization","name":"Osobni trening","url":"https:\/\/osobni-trening.hr\/","logo":{"@type":"ImageObject","inLanguage":"hr","@id":"https:\/\/osobni-trening.hr\/#\/schema\/logo\/image\/","url":"https:\/\/osobni-trening.hr\/wp-content\/uploads\/2021\/07\/osobni-trening-logo.png","contentUrl":"https:\/\/osobni-trening.hr\/wp-content\/uploads\/2021\/07\/osobni-trening-logo.png","width":500,"height":222,"caption":"Osobni trening"},"image":{"@id":"https:\/\/osobni-trening.hr\/#\/schema\/logo\/image\/"},"sameAs":["https:\/\/www.facebook.com\/SkidajKile.hr","https:\/\/www.instagram.com\/skidajkile.hr\/"]}]}},"_links":{"self":[{"href":"https:\/\/osobni-trening.hr\/index.php\/wp-json\/wp\/v2\/pages\/3","targetHints":{"allow":["GET"]}}],"collection":[{"href":"https:\/\/osobni-trening.hr\/index.php\/wp-json\/wp\/v2\/pages"}],"about":[{"href":"https:\/\/osobni-trening.hr\/index.php\/wp-json\/wp\/v2\/types\/page"}],"author":[{"embeddable":true,"href":"https:\/\/osobni-trening.hr\/index.php\/wp-json\/wp\/v2\/users\/1"}],"replies":[{"embeddable":true,"href":"https:\/\/osobni-trening.hr\/index.php\/wp-json\/wp\/v2\/comments?post=3"}],"version-history":[{"count":7,"href":"https:\/\/osobni-trening.hr\/index.php\/wp-json\/wp\/v2\/pages\/3\/revisions"}],"predecessor-version":[{"id":988534,"href":"https:\/\/osobni-trening.hr\/index.php\/wp-json\/wp\/v2\/pages\/3\/revisions\/988534"}],"wp:attachment":[{"href":"https:\/\/osobni-trening.hr\/index.php\/wp-json\/wp\/v2\/media?parent=3"}],"curies":[{"name":"wp","href":"https:\/\/api.w.org\/{rel}","templated":true}]}}